 What is the units digit of h?
0
Let g be (2 - 12)/(4/(-2)). Suppose 0 = -x + 2*x - 5, 0 = g*j + 5*x + 45. What is the units digit of (-60)/j + 2/(-7)?
4
Let z(u) = -18*u + 26. What is the hundreds digit of z(-8)?
1
Let g(l) = -5*l**3 - 24*l**2 - 24*l + 15. Let j(v) = -7*v - 2*v**3 - 5*v - 8*v**2 + 6 - 1 + 4*v. Let x(w) = 3*g(w) - 8*j(w). What is the units digit of x(9)?
4
Suppose 0 = 3*l - 0*l. Suppose -3*a + 32 = 2*g - l*g, a = 5*g + 22. What is the tens digit of a?
1
Let p = 11 - -39. What is the tens digit of p?
5
Let f(z) = 4*z - 9. Let q be f(4). Suppose 2*a + 3*a = -5. Let s = q - a. What is the units digit of s?
8
Let v(f) = 7*f + 154. What is the tens digit of v(0)?
5
Let x = -5 - -15. Let a = x + -5. Suppose h - 3*j = 3*h - 1, -5*j = -a*h + 40. What is the units digit of h?
5
What is the tens digit of ((-116)/5)/(5*4/(-200))?
3
Suppose -1 + 91 = 2*t. What is the tens digit of t?
4
Let w(j) = 5*j**3 + j - 2. What is the tens digit of w(2)?
4
Let w = -51 + 86. What is the units digit of w?
5
Suppose -z = -h - 2*z, 2*z = 2*h - 8. Suppose -3*b + 25 = h*b. What is the units digit of b?
5
Let f = 20 - 22. What is the tens digit of 45*1*(f + 3)?
4
Suppose y = 4, 21 = -2*r + 3*r + 2*y. Suppose 0 = -3*s + 4*b + r, 4*b - 6 = -3*s - 25. Let m = s + 3. What is the units digit of m?
2
Suppose 76 = c - 3*o, -2*c = 4*o - 26 - 146. What is the tens digit of c?
8
Let i = 7 - 6. What is the units digit of (-1 + -6)/(i - 2)?
7
What is the units digit of (-12)/(-72) - (-406)/12?
4
Let b(c) = -c**3 - 4*c**2 + 4*c - 6. Let o be (-9 + 2)/1 - -2. Let q be b(o). What is the units digit of q*(2 - 6/2)?
1
Let o(a) = 11*a**2 - a. What is the units digit of o(1)?
0
Let k = 8 + -2. What is the units digit of (57/9 - 3)*k?
0
Suppose -2*f - f - 3*y = -42, 5*f - 3*y - 30 = 0. What is the units digit of f?
9
Suppose -10 - 3 = l. Let q = l + 23. What is the tens digit of q?
1
What is the units digit of (-2)/(4 - 56/12)?
3
Suppose -10*i + 5*i = 0. Let u = 6 - i. What is the tens digit of 15/((u/4)/1)?
1
Suppose 0 = -l - 3*k - 9, 0 = -6*l + 3*l + 2*k + 6. Suppose 0*m + 3*m - 135 = l. What is the tens digit of m?
4
Let j(k) = 42*k**2 - 9*k + 13. What is the units digit of j(2)?
3
Let v(u) be the third derivative of u**5/10 + u**3/6 - 2*u**2. Let a be v(2). Suppose -5*f - 5*j + 16 = -34, f = 4*j + a. What is the units digit of f?
3
Let l(t) = 3*t. Let d be l(1). Suppose 1 = -c + d. What is the units digit of c?
2
Let a(p) = -p**3 - 10*p**2 - 9*p + 5. Let j be a(-9). Suppose j*d = -3*v - 43 + 293, 2*v - 170 = -4*d. Suppose 0*g + 5*g - v = 0. What is the tens digit of g?
1
What is the units digit of (-2 - -3) + (0 - -2)?
3
Suppose -66 = -0*z + 3*z. Let h = -8 - z. What is the units digit of h?
4
Let c(p) be the first derivative of p**3 - p - 2. Let v be c(1). Suppose -3*r + 50 = v*r. What is the tens digit of r?
1
Let j(o) = 2*o + 8. Let q be j(-6). Let x = 1 - q. What is the units digit of x?
5
Let u(q) = 2*q - 1 + 0*q**2 + q**2 + 3*q**2. Suppose 0 = 7*c - 6*c + 2. What is the tens digit of u(c)?
1
Suppose -n - 4*y = -9, -4*n - y = -2*n - 11. Suppose -2*t = -4*k + 10, n*k - 3*t - t = 17. What is the units digit of k?
1
Let f = -54 + 61. What is the units digit of f?
7
Let r(q) = q - 1. Suppose 4*m + 5*w = 17, 2*m - w - 3 - 2 = 0. What is the units digit of r(m)?
2
Let f(g) = -g. Let b be f(-4). Suppose -3*v - b*w + 3*w + 26 = 0, 3*v + 4*w - 32 = 0. What is the units digit of v?
8
Suppose 5*b - 326 = -4*p, 3*b + 2*p - 5*p - 174 = 0. What is the tens digit of b?
6
Let h = -7 - -10. Let r be (-2 - (-2)/(-2)) + h. Suppose r = 2*g - 2*c - 40, 2*g - 3*c - 23 - 17 = 0. What is the tens digit of g?
2
Let f = 6 + -8. Let r(u) = u**3 + 5*u**2 - 7*u - 3. Let k be r(-6). What is the units digit of 56/6 - f/k?
0
Let o(f) = 3*f**2 + 8*f + 2. What is the units digit of o(-9)?
3
Let u(y) = y**2 + 9*y + 2. Let c be u(-8). What is the units digit of (12/(-14))/(c/42)?
6
Let v(g) = -g**2 + 3. Let y be v(-3). Let i(d) = 3*d + 6. Let o(b) = 8*b + 18. Let j(r) = -11*i(r) + 4*o(r). What is the tens digit of j(y)?
1
Let b = 52 + -122. Let q = b + 102. What is the units digit of q?
2
Suppose -6*i + 1263 = -2*i + 5*p, 5*i - 3*p - 1551 = 0. What is the units digit of i?
2
Let y = 4 + 1. What is the units digit of ((-3)/(-5))/(1/y)?
3
Let k = -8 - -14. Let s(x) = x**3 - 5*x**2 - 5*x - 3. Let g be s(k). Suppose 0 = 4*t - 0*t - 16, 3*d - 42 = g*t. What is the units digit of d?
8
Let b(r) = r**2 - 3*r + 1. What is the units digit of b(-4)?
9
Suppose k + 1346 = 5*k - d, k - 5*d - 327 = 0. What is the hundreds digit of k?
3
Suppose -12*b + 281 = -1915. What is the units digit of b?
3
Let s = 5 - 0. Let d(m) = -m + 18. Let a be d(14). Suppose 0 = -4*z + a, -z + 51 = 5*u + s. What is the units digit of u?
9
Let o = 333 - 201. What is the units digit of o?
2
Suppose 0 = -a + 8 + 1. Suppose -5*p + a = -4*h - 2*p, -4*p + 12 = 0. Let s = 7 - h. What is the units digit of s?
7
Let f = 10 - -54. What is the units digit of f?
4
Suppose -6*d + 2*d = -4. Let c(q) = 0*q + 0 + 4*q**2 - 2*q - d. What is the units digit of c(-1)?
5
Let k be (-30)/(-4) - 3/(-6). Suppose k = 2*t - 5*h, -4*h = 4*t - 55 - 17. Suppose o - t = -4. What is the tens digit of o?
1
Let c = 27 + -24. What is the units digit of c?
3
Suppose 0 = -4*a + 8, 0 = 4*x - 0*a + a - 22. Let d(r) = 3*r**3 + 4 - 4*r**3 + x*r**2 - 2*r**2. What is the units digit of d(3)?
4
Suppose 0 = 7*i - 3*i - 4. What is the units digit of i?
1
Let h(f) = 2*f**2 + 2*f + 25. What is the tens digit of h(9)?
0
Suppose -2*f + 40 = 3*f. What is the units digit of f?
8
Let x = -13 - -73. What is the tens digit of x?
6
Suppose 5*i + 2*k = 2*i + 86, 0 = -i + k + 22. What is the tens digit of i?
2
Let s = 2 - 0. Suppose -2 - 2 = -s*l. Suppose 0 = 3*p - 6, -4*o - l*p = -7*o + 32. What is the units digit of o?
2
Let m = 39 - 21. What is the tens digit of m?
1
Let x(n) = -5*n**3 + 4*n**2 + 21*n + 10. Let t(j) = -j**3 + j**2 + 4*j + 2. Suppose 0 = d + 1 + 1. Let f(z) = d*x(z) + 11*t(z). What is the units digit of f(3)?
8
Let c(f) = f**3 - 6*f**2 + 5*f + 4. Let t be c(5). Suppose 3*x - t = 2*x. Suppose a - 3*w - 12 = 0, 15 = x*a + 4*w - 1. What is the units digit of a?
6
Suppose b = 5*k + 40, -5*k - 55 = -3*b - b. Let v(m) = 2*m - 8. Let o be v(5). What is the units digit of o/(-1 + -1) - k?
6
Suppose 0 = -10*s + 7*s + 420. What is the hundreds digit of s?
1
What is the tens digit of (-18)/(-45) + 133/5?
2
Suppose 0 = 3*c - 16 + 1. Suppose 85 = c*f - 5. What is the units digit of f?
8
Let w(k) = -7 + 2*k - 7 + 2 + 3. What is the units digit of w(6)?
3
Let n = 3 + -4. Let t be n/(1*(-1)/4). Suppose -4*h + i + 27 = -0*i, 0 = 4*i - t. What is the units digit of h?
7
Suppose 6 + 14 = 5*r. Suppose c + r*c = 145. What is the tens digit of c?
2
Suppose -3328 = -15*n - n. What is the tens digit of n?
0
Let s(v) = v - 3*v**3 + 0 + 2*v + 2*v**2 + 1 + 2*v**3. What is the units digit of s(-3)?
7
Let j be -2 + -6*(-4)/6. Let w(i) = 6*i - 2. What is the units digit of w(j)?
0
Let n(k) = -k**2 + 20. Let o be n(0). What is the tens digit of (-8)/o + (-122)/(-5)?
2
Let y = 31 - 19. What is the units digit of y/(-9)*3*-2?
8
Let n be ((-1)/(-5))/((-4)/(-20)). Suppose 2*z - n = 69. What is the tens digit of z?
3
Let u(y) be the first derivative of -y**4/12 - 7*y**3/6 + 5*y**2/2 - 3*y + 2. Let z(b) be the first derivative of u(b). What is the units digit of z(-7)?
5
Let v = 33 - -35. Suppose 4*r - 204 + v = 0. What is the tens digit of r?
3
Suppose -3*o + 360 = 2*o. What is the units digit of o?
2
Let q be 5/((-30)/(-8))*3. Suppose d - 10 = 2*g, d + q*g = 8*g + 10. Suppose -4*f = 3*z - 26, 3*f - 2*z - d = 1. What is the units digit of f?
5
Let x(p) = p**3 - 3*p**2 - 4*p - 4. Let j be x(4). Let y(l) = l**2 + 2*l - 3. What is the units digit of y(j)?
5
Let q(h) = -29*h + 39. What is the units digit of q(-6)?
3
Let y(o) = o**2 - o + 1. Let k be y(0). Let d be -2 + 6 + k/(-1). Suppose d*m - 24 = -0*m. What is the units digit of m?
8
Let b = 9 + 7. What is the tens digit of b?
1
Let v = 2 + 0. Suppose -5*n = -68 + 43. Suppose -3*x = t + n, -2*t - v*t - 2*x = -30. What is the units digit of t?
0
What is the units digit of ((-16)/(-8))/((-1)/(-6))?
2
Let g(h) = -h**2 + 4*h + 3. Let t be g(3). Let w(k) = 2*k**2